{"id":40,"date":"2014-04-23T17:16:24","date_gmt":"2014-04-23T15:16:24","guid":{"rendered":"http:\/\/www.akitazucht-leipzig.de\/?page_id=40"},"modified":"2021-11-02T10:18:43","modified_gmt":"2021-11-02T08:18:43","slug":"ueber-uns","status":"publish","type":"page","link":"https:\/\/www.akitazucht-leipzig.de\/?page_id=40","title":{"rendered":"\u00dcber uns"},"content":{"rendered":"<p><img loading=\"lazy\" class=\"alignnone size-large wp-image-1983\" src=\"http:\/\/www.akitazucht-leipzig.de\/wp-content\/uploads\/2021\/11\/Rudel-mit-Elke-1024x768.jpg\" alt=\"\" width=\"754\" height=\"566\" srcset=\"https:\/\/www.akitazucht-leipzig.de\/wp-content\/uploads\/2021\/11\/Rudel-mit-Elke-1024x768.jpg 1024w, https:\/\/www.akitazucht-leipzig.de\/wp-content\/uploads\/2021\/11\/Rudel-mit-Elke-300x225.jpg 300w, https:\/\/www.akitazucht-leipzig.de\/wp-content\/uploads\/2021\/11\/Rudel-mit-Elke-768x576.jpg 768w, https:\/\/www.akitazucht-leipzig.de\/wp-content\/uploads\/2021\/11\/Rudel-mit-Elke-160x120.jpg 160w, https:\/\/www.akitazucht-leipzig.de\/wp-content\/uploads\/2021\/11\/Rudel-mit-Elke.jpg 1080w\" sizes=\"(max-width: 754px) 100vw, 754px\" \/><br \/>\nWir m\u00f6chten uns vorstellen,<br \/>\nwir das sind:<\/p>\n<p>Dietrich (geb 1964) und<br \/>\nElke (geb.1967).<\/p>\n<p>Wir haben 2 S\u00f6hne (1987 und 1989 geb.) und wohnen in Markranst\u00e4dt, einer Kleinstadt am Rande von Leipzig. Unser Grundst\u00fcck liegt in unmittelbarer N\u00e4he zum Kulkwitzer See und direkt am Waldrand, also ideal f\u00fcr unsere Vierbeiner.<\/p>\n<p>Unsere Liebe zum Akita entstand durch Zufall bei einem Besuch in Th\u00fcringen, dort hatte jemand Welpen und wir hatten uns in Cora, wie wir Sie sp\u00e4ter nannten auf der Stelle verliebt und nahmen sie sofort mit.<br \/>\n<img src=\"http:\/\/www.akitazucht-leipzig.de\/wp-content\/uploads\/2014\/04\/cora-e1398266373456.jpg\" alt=\"\" \/><\/p>\n<p>Obwohl wir schon seit Kindheit viele verschiedene Hunderassen wie Sch\u00e4ferhund, Afghane, Dalmatiner und Berner Sennenhund hatten, war sie irgendwie anders, halt einzigartig in ihrem Wesen und wir fingen an uns immer mehr f\u00fcr diese Rasse zu interessieren und informierten uns.<br \/>\nDa ja \u00fcber Akitas nicht immer nur Positives zu lesen war, wu\u00dften wir, dass es eine Herausforderung wird, aber gerade diese reizte uns.<br \/>\nNun kam es leider dazu, dass Cora mit nur 3 Jahren einem Krebsleiden erlag und wir v\u00f6llig am Boden zerst\u00f6rt waren, weil es uns aus heiterem Himmel traf.Wir hingen so an unserem Familienmitglied,sie war so Besonders,so lieb und die Trauer war kaum ertragbar.Die ganze Familie,die Nachbarn und Freunde trauerten mit uns.<br \/>\nEs war so furchtbar f\u00fcr mich,meinen Mann so leiden zu sehen und ich fasste den Entschlu\u00df,es muss ein neuer Hund her,nat\u00fcrlich kam eine andere Rasse nicht in Frage und ich begab mich im Netz auf die Suche und fand einen Z\u00fcchter , mit dem wir sofort Kontakt aufnahmen. Er hatte zu diesem Zeitpunkt gerade Welpen und so kam es,dass bald ein Bub bei uns einzog.<br \/>\nSein Name ist Saiko , der am 2.2.2011 geboren wurde und am 3.4.2011 bei uns einzog. Wie sich sp\u00e4ter leider herausstellte, konnten wir Saiko aufgrund einer C-H\u00fcfte\u00a0 nicht in die Zucht nehmen,so lebt er bei uns im Rudel,als Familienmitglied.<br \/>\n<img src=\"http:\/\/www.akitazucht-leipzig.de\/wp-content\/uploads\/2014\/04\/Saikowelpe-e1398266717838.jpg\" alt=\"\" \/><\/p>\n<p>Wir haben Cora nicht vergessen,aber er hat uns sehr dar\u00fcber hinweg geholfen und uns abgelenkt, wir waren wieder gl\u00fccklich.<br \/>\nIm Herbst 2012 beschlossen wir , uns noch ein Akitam\u00e4dchen zu holen, damit Saiko eine Spielkameradin hat, uns es diese Farbe Weiss irgendwie angetan hat und wir uns sozusagen mit dem &#8220;Virus Akita&#8221;angesteckt hatten.:)so nach dem Motto: wo ein Hund Platz hat,passen auch zwei Hunde hin.<br \/>\nSie wurde am 28.10 12 in Litomerice geboren,ist schneewei\u00df und zuckers\u00fc\u00df, und hat ein tolles Wesen.<br \/>\nWir holten sie 3 Tage vor Heiligabend,ihr Name ist Yukiko(Go Tomimopa), das hei\u00dft \u00fcbersetzt Schneekind und Weihnachten wurde mit ihr m\u00e4rchenhaft sch\u00f6n.<br \/>\nSaiko hat sie sofort akzeptiert und sie waren gleich , ein Herz und eine Seele.<br \/>\n<img src=\"http:\/\/www.akitazucht-leipzig.de\/wp-content\/uploads\/2014\/04\/Saiko-Yuki1-e1398266933810.jpg\" alt=\"\" \/><\/p>\n<p>2 Akitas! Die Leute staunen, wenn sie die beiden sehen und sind fasziniert von der Sch\u00f6nheit und ihrem ruhigen Wesen und wundersch\u00f6nem Fell.<br \/>\nJeden Samstag ging es f\u00fcr beide zur Hundeschule und Agility, sie lieben diese Art der Besch\u00e4ftigung und Herausforderung.<\/p>\n<p>Nun ja ,und wie sich das manchmal so verh\u00e4lt \u00fcberkam uns irgendwann der Gedanke, dass zu einem roten und einem wei\u00dfen Akita eigentlich auch ein Brindel geh\u00f6rt, dann haben wir alle Farben zusammen und da wir viel Platz haben und auch die Zeit (von der Liebe zur Rasse brauchen wir hier ja nicht mehr zu reden),entschlossen wir uns im Januar 2015 unsere Chusei san von der Z\u00fcchterin Jana Kratka aus B\u00f6hmen zu holen.Sie ist ein sehr ruhiger Typ,macht auch gern mal &#8220;ihr Ding&#8221;,ist sehr freundlich und verschmust.<\/p>\n<p>Mittlerweile haben wir nun mit z\u00fcchten begonnen, besuchen Seminare und nehmen am Vereinsleben teil.Unser Verein ist der Japan Akita eV und der VDH als Dachverband.<\/p>\n<p>Als Yuki im November 2016 ihren ersten Wurf bekam,waren wir sehr fasziniert und super gl\u00fccklich. Es hat sehr viel Spa\u00df gemacht die Welpen mit aufzuziehen,es ist viel Arbeit ,aber daf\u00fcr auch viel Freude. Nat\u00fcrlich flie\u00dfen Tr\u00e4nen beim Abschied, wenn wir die Kleinen dann mit 10 Wochen hergeben, aber da wir unsere neuen Welpenbesitzer sehr genau aussuchen und uns sicher sind, dass es unseren Babys dort gut geht, ist es f\u00fcr uns ok. Das geh\u00f6rt nun mal zum Z\u00fcchten dazu.<\/p>\n<p>Wir ziehen unsere Welpen im Haus gro\u00df, wo auch unser Rudel mit uns lebt. Erst befinden sie sich mit der Mama im Welpenzimmer,dann mit ca 4-5 Wochen ziehen sie\u00a0 tags\u00fcber in ein gro\u00dfes, ich sag mal &#8220;Laufst\u00e4llchen&#8221;, was sich im Wohnzimmer befindet und wenn das Wetter es zul\u00e4sst, k\u00f6nnen sie von da aus, auch gleich raus in den Garten. Unser B- Wurf, der im Juni 2017 geboren wurde, kam in den Genuss mit Ausnahme von ein paar einzelnen Regentagen fast t\u00e4glich den Tag drau\u00dfen verbringen zu k\u00f6nnen. Durch diesen innigen Kontakt mit uns und dem Rudel werden die Welpen schon sehr sch\u00f6n sozialisiert und an alles m\u00f6gliche gew\u00f6hnt(Ger\u00e4usche, Ger\u00fcche, Besuch, Autofahren usw.) auch bringen wir ihnen ab der 5.Woche bei, ihr &#8220;Gesch\u00e4ft&#8221; drau\u00dfen zu machen.<\/p>\n<p>Seit M\u00e4rz 2017 bereichert uns noch ein rotes M\u00e4dchen, sie hei\u00dft Yasu (eigentlich Yukiko, aber wir haben ja schon eine) und kommt aus Polen. Sie ist ein aufgeweckter Wirbelwind, manchmal etwas ungest\u00fcm und tapsig, aber da sie immer lacht, und freundlich ist, kann man ihr nix \u00fcbel nehmen. Sie ist ins Rudel mit reingewachsen, hat sich super integriert und ist sehr gehorsam, sie ist zu Menschen\u00a0 und anderen Hunden immer freundlich.<\/p>\n<p>Aus unserem B- Wurf von Chusei san und dem Japan Import Shouta Go Isehara Futami haben wir einen Brindel R\u00fcden behalten, unser\u00a0 Banyaku, ein h\u00fcbsches Kerlchen, der von der Art her, wie seine Mama ist, eher ruhig, sehr verschmust und lieb. Er ist schon ein\u00a0 Teddy und wir sind gespannt, wie er sich entwickelt.(sp\u00e4ter sieht man hier auf seiner eigenen Seite,was f\u00fcr ein B\u00e4r er geworden ist) Desweiteren z\u00e4hlt auch noch unsere kleine P\u00fcppie zum Rudel, die aber nicht in der Zucht ist, da sie Langhaar tr\u00e4gt, und keinen so guten Start ins Leben hatte,sie ist eine Flaschenaufzucht\u00a0 und wir haben sie so ins Herz geschlossen, dass wir sie nicht hergeben konnten. Ihr Name ist Bibishii und sie ist was ganz Besonderes f\u00fcr uns. Wir lieben unsere Hunde aber alle gleicherma\u00dfen und gehen verantwortungs- und liebevoll mit ihnen um.<\/p>\n<p>Ein Wurf wird von uns ordentlich geplant, dazu geh\u00f6rt, dass wir bei der Verpaarung in erster Linie auf die Gesundheit der Elterntiere achten,und auf das Wesen des Deckr\u00fcden. Wir m\u00f6chten, dass es unseren Welpen gut geht und die neuen Besitzer gl\u00fccklich und zufrieden sind, mit denen wir selbstverst\u00e4ndlich auch nach dem Kauf des Welpen noch in Kontakt stehen und f\u00fcr Fragen immer ansprechbar sind.Wir haben eine Whatsapp-Gruppe,wo sich alle untereinander austauschen k\u00f6nnen und machen sch\u00f6ne Treffen.Das geh\u00f6rt f\u00fcr uns zum Z\u00fcchten einfach dazu,damit wir wissen,wie es den Hunden und Haltern geht.Wir werden hier immer \u00fcber Neuigkeiten berichten und freuen uns \u00fcber Euren Besuch. Herzlichst Familie Sch\u00fcttler<\/p>\n","protected":false},"excerpt":{"rendered":"<p>Wir m\u00f6chten uns vorstellen, wir das sind: Dietrich (geb 1964) und Elke (geb.1967). Wir haben 2 S\u00f6hne (1987 und 1989 geb.) und wohnen in Markranst\u00e4dt, einer Kleinstadt am Rande von Leipzig. Unser Grundst\u00fcck liegt in unmittelbarer N\u00e4he zum Kulkwitzer See und direkt am Waldrand, also ideal f\u00fcr unsere Vierbeiner. Unsere <a class=\"more-link\" href=\"https:\/\/www.akitazucht-leipzig.de\/?page_id=40\">Continue Reading &rarr;<\/a><\/p>\n","protected":false},"author":1,"featured_media":0,"parent":0,"menu_order":0,"comment_status":"closed","ping_status":"closed","template":"","meta":{"ngg_post_thumbnail":0},"_links":{"self":[{"href":"https:\/\/www.akitazucht-leipzig.de\/index.php?rest_route=\/wp\/v2\/pages\/40"}],"collection":[{"href":"https:\/\/www.akitazucht-leipzig.de\/index.php?rest_route=\/wp\/v2\/pages"}],"about":[{"href":"https:\/\/www.akitazucht-leipzig.de\/index.php?rest_route=\/wp\/v2\/types\/page"}],"author":[{"embeddable":true,"href":"https:\/\/www.akitazucht-leipzig.de\/index.php?rest_route=\/wp\/v2\/users\/1"}],"replies":[{"embeddable":true,"href":"https:\/\/www.akitazucht-leipzig.de\/index.php?rest_route=%2Fwp%2Fv2%2Fcomments&post=40"}],"version-history":[{"count":22,"href":"https:\/\/www.akitazucht-leipzig.de\/index.php?rest_route=\/wp\/v2\/pages\/40\/revisions"}],"predecessor-version":[{"id":1985,"href":"https:\/\/www.akitazucht-leipzig.de\/index.php?rest_route=\/wp\/v2\/pages\/40\/revisions\/1985"}],"wp:attachment":[{"href":"https:\/\/www.akitazucht-leipzig.de\/index.php?rest_route=%2Fwp%2Fv2%2Fmedia&parent=40"}],"curies":[{"name":"wp","href":"https:\/\/api.w.org\/{rel}","templated":true}]}}